219?
337219
What are the prime factors of 143624?
2, 13, 1381
List the prime factors of 1873207.
7, 267601
List the prime factors of 321097.
7, 6553
What are the prime factors of 1920612?
2, 3, 29, 5519
List the prime factors of 1516438.
2, 7, 11, 43, 229
What are the prime factors of 1663379?
1663379
What are the prime factors of 67906?
2, 19, 1787
What are the prime factors of 2363657?
19, 31, 4013
List the prime factors of 44058.
2, 3, 7, 1049
List the prime factors of 1652011.
1652011
List the prime factors of 848483.
19, 44657
What are the prime factors of 47067?
3, 29, 541
List the prime factors of 12699911.
7, 379, 4787
What are the prime factors of 2799316?
2, 13, 41, 101
What are the prime factors of 3194969?
421, 7589
List the prime factors of 393308.
2, 98327
List the prime factors of 2654606.
2, 1327303
What are the prime factors of 2212764?
2, 3, 97, 1901
List the prime factors of 418458.
2, 3, 97, 719
List the prime factors of 11571526.
2, 17, 340339
What are the prime factors of 1939008?
2, 3, 10099
What are the prime factors of 3276320?
2, 5, 20477
List the prime factors of 3970640.
2, 5, 49633
What are the prime factors of 411258?
2, 3, 68543
What are the prime factors of 25608?
2, 3, 11, 97
List the prime factors of 4192492.
2, 1048123
What are the prime factors of 1455890?
2, 5, 145589
What are the prime factors of 1300820?
2, 5, 193, 337
List the prime factors of 651135.
3, 5, 83, 523
What are the prime factors of 227197?
67, 3391
List the prime factors of 1618014.
2, 3, 31, 8699
What are the prime factors of 122404?
2, 71, 431
What are the prime factors of 1013817?
3, 7, 23, 2099
What are the prime factors of 1246210?
2, 5, 7, 19, 937
List the prime factors of 555444.
2, 3, 37, 139
List the prime factors of 2638145.
5, 17, 41, 757
List the prime factors of 36680.
2, 5, 7, 131
What are the prime factors of 7151326?
2, 7, 13, 39293
List the prime factors of 1213587.
3, 19, 47, 151
What are the prime factors of 806855?
5, 7, 23053
List the prime factors of 405261.
3, 37, 1217
What are the prime factors of 66269?
7, 9467
List the prime factors of 891502.
2, 67, 6653
List the prime factors of 996612.
2, 3, 53, 1567
List the prime factors of 665498.
2, 332749
What are the prime factors of 238961?
197, 1213
What are the prime factors of 25529442?
2, 3, 191, 22277
What are the prime factors of 6286919?
439, 14321
What are the prime factors of 36798?
2, 3, 6133
List the prime factors of 1098549.
3, 23, 29, 61
List the prime factors of 3896118.
2, 3, 216451
What are the prime factors of 2103813?
3, 19, 1367
What are the prime factors of 216327?
3, 72109
List the prime factors of 3795708.
2, 3, 7, 73, 619
What are the prime factors of 3204232?
2, 41, 9769
What are the prime factors of 149200?
2, 5, 373
What are the prime factors of 9891917?
7, 1413131
List the prime factors of 1442743.
1442743
List the prime factors of 19053.
3, 29, 73
List the prime factors of 4815.
3, 5, 107
What are the prime factors of 1078171?
23, 46877
What are the prime factors of 6944747?
19, 365513
List the prime factors of 166357.
166357
List the prime factors of 7116482.
2, 3558241
What are the prime factors of 1504509?
3, 501503
List the prime factors of 987437.
11, 89767
List the prime factors of 225267.
3, 7, 17, 631
List the prime factors of 5133021.
3, 19, 90053
List the prime factors of 7743535.
5, 277, 5591
What are the prime factors of 1672913?
11, 152083
What are the prime factors of 207952?
2, 41, 317
What are the prime factors of 141137?
113, 1249
What are the prime factors of 263178?
2, 3, 14621
What are the prime factors of 1749101?
37, 41, 1153
List the prime factors of 30530724.
2, 3, 7, 137, 379
What are the prime factors of 1601849?
1601849
List the prime factors of 2848161.
3, 949387
List the prime factors of 858730.
2, 5, 79, 1087
List the prime factors of 15572074.
2, 7, 1112291
What are the prime factors of 1243564?
2, 7, 23, 1931
What are the prime factors of 8930674?
2, 73, 61169
What are the prime factors of 15198501?
3, 229, 22123
What are the prime factors of 615925?
5, 71, 347
What are the prime factors of 757123?
47, 89, 181
List the prime factors of 349355.
5, 107, 653
What are the prime factors of 15992443?
3593, 4451
What are the prime factors of 626095?
5, 125219
What are the prime factors of 13714292?
2, 3428573
What are the prime factors of 29160458?
2, 23, 633923
What are the prime factors of 23903086?
2, 89, 134287
What are the prime factors of 1458684?
2, 3, 40519
List the prime factors of 16608981.
3, 53, 104459
What are the prime factors of 1278886?
2, 7, 167, 547
What are the prime factors of 8993485?
5, 1798697
List the prime factors of 878173.
878173
List the prime factors of 190729.
7, 11, 2477
List the prime factors of 1084547.
1084547
What are the prime factors of 34244?
2, 7, 1223
List the prime factors of 1293113.
37, 34949
What are the prime factors of 1190823?
3, 277, 1433
List the prime factors of 1131213.
3, 377071
What are the prime factors of 1296909?
3, 29, 4969
What are the prime factors of 381439?
381439
List the prime factors of 5316411.
3, 757, 2341
List the prime factors of 85508.
2, 21377
List the prime factors of 6883063.
11, 29, 21577
What are the prime factors of 500735?
5, 17, 43, 137
What are the prime factors of 34686958?
2, 29, 598051
List the prime factors of 1766942.
2, 883471
List the prime factors of 109005.
3, 5, 13, 43
List the prime factors of 801052.
2, 7, 61, 67
What are the prime factors of 286586?
2, 17, 8429
List the prime factors of 63657.
3, 11, 643
List the prime factors of 18329353.
7, 59, 44381
What are the prime factors of 2007911?
2007911
What are the prime factors of 1441528?
2, 11, 16381
List the prime factors of 446109.
3, 37, 4019
List the prime factors of 7438.
2, 3719
List the prime factors of 901880.
2, 5, 7, 3221
What are the prime factors of 27695493?
3, 7, 29, 31, 163
What are the prime factors of 516643?
516643
List the prime factors of 5840496.
2, 3, 40559
What are the prime factors of 220990?
2, 5, 7, 11, 41
What are the prime factors of 2235001?
29, 77069
List the prime factors of 3417929.
19, 59, 3049
List the prime factors of 176764.
2, 7, 59, 107
List the prime factors of 40690865.
5, 251, 32423
What are the prime factors of 1669927?
7, 17, 14033
List the prime factors of 32225016.
2, 3, 41, 32749
List the prime factors of 119779.
11, 10889
What are the prime factors of 124644?
2, 3, 13, 17, 47
What are the prime factors of 10255691?
10255691
What are the prime factors of 28333403?
7, 4047629
What are the prime factors of 4591222?
2, 29, 79159
What are the prime factors of 764378?
2, 382189
What are the prime factors of 203628?
2, 3, 71, 239
What are the prime factors of 1533775?
5, 19, 3229
List the prime factors of 428883.
3, 7, 13, 1571
List the prime factors of 2796442.
2, 11, 79, 1609
List the prime factors of 30020197.
2039, 14723
List the prime factors of 11325699.
3, 7, 11, 59, 277
What are the prime factors of 10629737?
1259, 8443
List the prime factors of 9790129.
9790129
List the prime factors of 53793.
3, 43, 139
List the prime factors of 146756.
2, 19, 1931
List the prime factors of 20954200.
2, 5, 17, 6163
What are the prime factors of 5011260?
2, 3, 5, 17
List the prime factors of 932969.
932969
List the prime factors of 1332937.
331, 4027
What are the prime factors of 5565699?
3, 139, 1483
List the prime factors of 5788299.
3, 11, 175403
List the prime factors of 196606.
2, 197, 499
What are the prime factors of 21328554?
2, 3, 13, 97, 2819
What are the prime factors of 128637?
3, 14293
What are the prime factors of 21441075?
3, 5, 263, 1087
List the prime factors of 19871.
31, 641
List the prime factors of 6527928.
2, 3, 11, 79, 313
What are the prime factors of 3882624?
2, 3, 10111
What are the prime factors of 405236?
2, 13, 7793
What are the prime factors of 1205948?
2, 301487
List the prime factors of 2176930.
2, 5, 7, 137, 227
List the prime factors of 169607.
169607
List the prime factors of 611126.
2, 305563
List the prime factors of 3155716.
2, 211, 3739
List the prime factors of 75181.
75181
List the prime factors of 1139941.
11, 9421
What are the prime factors of 1470072?
2, 3, 61253
What are the prime factors of 5879031?
3